divided by 28?
25
Let v(n) = 5*n + 6 - 4 - 1. Let l be v(1). What is the remainder when -2 - l/(-2) - -56 is divided by 20?
17
Let p(y) = 5*y**3 - 4*y**2 + 12*y - 5. Let l(d) = 2*d**3 - d**2 + 4*d - 2. Let h(s) = 8*l(s) - 3*p(s). Calculate the remainder when 119 is divided by h(-4).
14
Let c = 2951 - 2931. Calculate the remainder when 116 is divided by c.
16
Let d be 6 + -3 + (1 - 0). Suppose -2*i + 51 = 5*u, -5*u - d*i + 9 = -38. Calculate the remainder when 53 is divided by u.
9
Suppose -3681*u = -3684*u + 54. What is the remainder when 70 is divided by u?
16
Let a = 3 + 0. Let d be (-18)/(-27) - 2734/6. What is the remainder when d/(-39) + 4/(-6) is divided by a?
2
Suppose 0 = -2*c + 5*c + 5*y, 3*c - 21 = 2*y. Suppose 3*w - 4*w = 804. Calculate the remainder when 49 is divided by w/(-60) - 2/c.
10
Suppose 28 = -2*w + 3*w. Let i = 47 - w. What is the remainder when i is divided by 4?
3
Let i = -1 - -1. Suppose 4*y - 42 - 94 = i. Let u(z) = 8*z - 15. Calculate the remainder when y is divided by u(3).
7
Suppose -10*v = 5 - 25. Suppose -v*x + 14 + 22 = 0. Calculate the remainder when 51 is divided by x.
15
Suppose 2*p + s - 3*s - 52 = 0, -3*s = 3*p - 66. What is the remainder when 2687 is divided by p?
23
Suppose 0 = -a + 1, 5*a = -3*c + 70 + 127. Calculate the remainder when c is divided by 24.
16
Suppose 8 = 4*f, -w - 268 = 2*w - 5*f. Let x = w - -119. What is the remainder when 96 is divided by x?
30
Let n = -489 + 520. What is the remainder when 805 is divided by n?
30
Let w = 4 + -12. Let q be 3/12 - 366/w. Suppose 9 - q = -a. What is the remainder when a is divided by 10?
7
Suppose 15*c = 1384 + 311. What is the remainder when c is divided by 23?
21
Let i = -637 + -399. What is the remainder when i/(-16) + 12/(-16) is divided by 17?
13
Let m(u) = -u**3 - 8*u**2 - 12*u + 10. Let f be m(-7). Suppose 11 + f = 8*w. What is the remainder when 20 is divided by w?
6
Let u be (-2 + 60/(-8))*-4. What is the remainder when 4*(1 + 102/8) is divided by u/(-4)*10/(-5)?
17
Suppose 550 = 3*l + 5*b, 11*l - 5*b = 10*l + 150. Suppose -3*i = 5*j - 0*i - 240, -i = 3*j - 140. What is the remainder when l is divided by j?
40
What is the remainder when (-8)/14*1274/(-52) is divided by 9?
5
Let o = -56 - -571. What is the remainder when o is divided by 104?
99
Let w(z) be the first derivative of -z**4/4 + z**3/3 + 3*z**2/2 + z - 7. Calculate the remainder when 27 is divided by w(-2).
6
Suppose 0 = 16*i - 12*i + 332. Let y = i - -140. What is the remainder when y is divided by 138/7 - 6/(-21)?
17
Suppose 0*r + 19*r - 1596 = 0. Calculate the remainder when r is divided by 36.
12
Let q(p) = -p - 4. Let a be q(-7). Suppose -3*j + 4*c = -6 - 13, a*j = -4*c + 11. What is the remainder when 26 is divided by j?
1
Suppose 2*b = 4*o + 98, 2*o - 305 = -5*b - 0*o. Let s be (-8)/2*5/10. What is the remainder when b is divided by 1*((-44)/s - 2)?
19
Let y = -442 - -577. Calculate the remainder when y is divided by 23.
20
Let y = 1027 - 943. Let r = -24 + 41. Calculate the remainder when y is divided by r.
16
Suppose 4*f + 4*u = 52, -5*f - u = -83 - 2. Let y = 27 + 60. Let p = -52 + y. What is the remainder when p is divided by f?
17
Let o = -71 + 77. Calculate the remainder when 185 is divided by o.
5
Suppose 7 = 3*a + 2*b, 0*a + a - 4*b = 7. Let h be (-3)/12*-5 + (-9)/(-12). Suppose h*v = -4*k + 38, 2 = -k + 6. Calculate the remainder when v is divided by a.
2
Let v(d) = -d**2 - d - 7. Let w be v(4). Let j = w - -32. Suppose -2*y - j*y = -245. What is the remainder when y is divided by 9?
8
Suppose 25 = -3*n - 35. Let d = 5 + n. Let q = d + 20. Calculate the remainder when 7 is divided by q.
2
Let j = -53 + 41. Let y = 5 - j. Calculate the remainder when 67 is divided by y.
16
Let v(y) = -y**2 + 4*y + 2. Let o be (1/(-2))/(3/(-96)). Let u be (o/(-14))/(6/(-21)). Calculate the remainder when 7 is divided by v(u).
1
Let j be 2/7 - (-57)/21. Suppose 2*r + j*i + 381 = 6*r, 89 = r - 2*i. Let v = r + -62. Calculate the remainder when v is divided by 10.
7
Let b(c) = 6*c**2 + 4*c + 7. Let i(o) = 5*o**2 + 5*o + 6. Let x(w) = 4*b(w) - 5*i(w). Let y = 846 - 811. Calculate the remainder when y is divided by x(-7).
11
Suppose 2*k = -4*x + 10, -5*x - 3*k = -8*k - 35. Suppose -28 = -x*b + 36. Calculate the remainder when b is divided by 6.
4
Suppose -3*n + 6*n = 189. What is the remainder when 183 is divided by n?
57
Suppose -18*t = -10*t - 624. Suppose -140 = -2*z - 2*f, -z - f + t = -2*f. What is the remainder when z is divided by 25?
24
Suppose 148 = 5*v + r + 4, -83 = -3*v - 4*r. What is the remainder when 55 is divided by v?
26
Let x(f) = -f**3 - 7*f**2 + 7*f - 6. Let d be x(-8). Suppose -4*r = -d*q + 8, -3*q + 6 = 2*q + 4*r. Calculate the remainder when 3 is divided by q.
1
What is the remainder when 43 is divided by 4/(-14) - 752/(-329)?
1
Let z(u) = -u**3 + 11*u**2 - 14*u - 48. What is the remainder when 61 is divided by z(8)?
29
Let i(s) = s**3 + 10*s**2 + 9*s + 45. What is the remainder when i(-7) is divided by 22?
19
Suppose 60 = 4*k - 4*z, 0 = -4*k - 4*z + 19 + 25. Calculate the remainder when 258 is divided by k.
11
Let h(x) = x + 70. Let r be 10/7*4/(8/14). Let g(n) = n + 8. Calculate the remainder when h(0) is divided by g(r).
16
Suppose 10*f - f = 36. Calculate the remainder when 3/(((-4)/(-3))/f) is divided by 2.
1
Calculate the remainder when 398 is divided by 3 + 1*40 - (-1 - -4).
38
Suppose 160 = 5*i - 4*x, -6*x = i - x - 3. Let w = 81 - i. Calculate the remainder when w is divided by 9.
8
Suppose 3*u - 1466 = -2*u + 2*l, 0 = 2*u + l - 581. What is the remainder when u is divided by 49?
47
Suppose -15*z = -8*z - 119. What is the remainder when 95 is divided by z?
10
Let o be (1 + 0)/(4/48). Suppose 4*y = -2*l + o, 1 - 3 = -3*y - 5*l. Calculate the remainder when -2*((-30)/y - -1) is divided by 8.
5
Suppose 0 = 14*g - 2*g - 600. What is the remainder when 212 is divided by g?
12
Let p(v) be the first derivative of -v**3/3 - 4*v**2 - 3*v + 27. Calculate the remainder when 34 is divided by p(-6).
7
Let j(t) be the first derivative of -19*t**2/2 + 3*t + 3. Let u be j(-3). Let y = -42 + u. Calculate the remainder when 69 is divided by y.
15
Suppose 2*m - 162 = -3*s, -3*s + 24 + 129 = -m. Calculate the remainder when 308 is divided by s.
48
Suppose -4 = 3*g - b, -5*g + 2*b - 12 = -b. Suppose -5*h + 15 = g, 0*p - p + 100 = 4*h. What is the remainder when 3*2/12*p is divided by 23?
21
What is the remainder when 8 - (-7 - (28 + 9)) is divided by ((-9)/4)/(1/(-8))?
16
What is the remainder when (-1)/(-2) - (2 - (-101)/(-2)) is divided by 17?
15
Suppose 6*d - 2284 = -352. Suppose 76 = a + o + o, -4*a - 2*o + d = 0. Calculate the remainder when a is divided by 28.
26
Let v = -103 + 150. What is the remainder when v is divided by (1 - -17)*(0 - (-4 - -3))?
11
Let r(n) = -5*n. Let c be (10 - 4)*(-23)/(-2). Let k = c - 40. Calculate the remainder when k is divided by r(-2).
9
What is the remainder when 455 is divided by (-114)/(-10)*(20 + (-22 - -7))?
56
Let f(p) = -p**3 + 2*p**2 + 2*p - 5. Let k be f(2). Let g(u) = 20*u - 1. What is the remainder when (-27)/((28/8 - 3)*k) is divided by g(1)?
16
Let c = 98 - 65. Suppose -32*w = -30*w - 186. Calculate the remainder when w is divided by c.
27
Suppose -77*k = -68*k - 279. Calculate the remainder when k is divided by 8.
7
Let v = 58 - 33. Suppose 2*x - 3*g = 72, -2*x - 40 + 112 = 5*g. What is the remainder when x is divided by 50/(-4)*(-40)/v?
16
Suppose 0 = t - 4*x, -4*t - 4*x + 3*x = 0. Suppose -2*d + 8*b - 4*b + 30 = t, 40 = 5*d - 3*b. Calculate the remainder when 16 is divided by d.
1
Suppose 54*o - 1012 - 500 = 0. What is the remainder when 195 is divided by o?
27
What is the remainder when (-236)/(-59) + 27*4/6 is divided by 9?
4
Let w = -865 + 900. Calculate the remainder when 129 is divided by w.
24
Suppose 0 = 20*n + 14*n - 1802. Calculate the remainder when n is divided by 18.
17
Let v = 16 + -14. Suppose -v*q - q + 132 = 0. Suppose -w - 5*y = 7, -4*w - 3*y + q = -7*y. What is the remainder when 38 is divided by w?
6
Suppose 5*z + 5*o + 96 = 1001, 0 = -z - 4*o + 184. Calculate the remainder when z is divided by 91.
89
Suppose 4*o = -0*b - 2*b + 96, -4*b - 102 = -6*o. Suppose -z - 4*t + 8 = -3*z, 2*t - 34 = -4*z. What is th